 4)/(-1 - 1) is divided by n?
14
Suppose 2103 = 4*k + 707. What is the remainder when k is divided by 39?
37
Let n(w) be the first derivative of -w**3/3 - 5*w**2/2 + w + 2. Let k(v) = -v**3 + 14*v**2 - 13*v + 18. What is the remainder when k(13) is divided by n(-4)?
3
Let h = 94 + -78. Calculate the remainder when 79 is divided by h.
15
Calculate the remainder when 62 is divided by 3*(78/9 + -3).
11
Let y be (2 + 1 + 5)*-1. Let r = 4 + y. What is the remainder when 20 is divided by 3 - r - (1 - 1)?
6
Suppose 3*x + x = 100. Calculate the remainder when (8/(-10))/(4/(-240)) is divided by x.
23
Suppose t + 14 = -3*h, -2*h - 3*t - 30 = 3*h. Let c = 16 + -62. What is the remainder when 29 is divided by 3/(-9) + c/h?
14
Calculate the remainder when 48/9*3*(1 + 2) is divided by 25.
23
Let y(l) = l**2. Let b(z) = -8 + 8*z - 2*z**2 - 22*z + 10. What is the remainder when y(2) is divided by b(-7)?
0
Suppose 0 = -q + 3*q - 146. What is the remainder when q is divided by 25?
23
Let f = 3 - -16. Calculate the remainder when f is divided by 4.
3
Let a be -3 + -3*278/(-6). Suppose -3*f = -5*r - a - 39, -4*r = -3*f + 179. Calculate the remainder when f is divided by 22.
21
Suppose m = -4*m. Let v(g) = -g**2 + g + 6. Calculate the remainder when 8 is divided by v(m).
2
Let g(s) = -2 - 4*s + 5*s + 4. Calculate the remainder when 82 is divided by g(12).
12
Calculate the remainder when 10 is divided by (-44)/(-12) - (4/(-12) + 0).
2
Let m be (2 - 1)/((-2)/(-10)). Let j(k) = -9*k. Let a be j(-5). Suppose 4*q = -u + 28, q - a = -m*u - 0*q. Calculate the remainder when 15 is divided by u.
7
Let g(a) = -a**3 - 3*a**2 + 8*a + 6. Let p be g(-5). Let t = 19 - p. Calculate the remainder when 4 is divided by t.
1
Let x = 0 + 2. Suppose -87 = x*p - 5*p. Calculate the remainder when p is divided by 8.
5
Calculate the remainder when 64 is divided by (-26*(-7)/(-28))/(2/(-4)).
12
Suppose -7*t + 10*t = 12. Calculate the remainder when 18 is divided by t.
2
Let n = -43 - -60. What is the remainder when ((-66 - -1) + -1)*(-1 + 0) is divided by n?
15
Let w be (2/(-1))/(-2*1). Calculate the remainder when 23 is divided by w*-2*(-9 + 5).
7
Suppose 4*g + 6 + 10 = 0. Let z(q) = q**2 + 3*q - 2. Let j be z(g). Suppose -j = -3*m + 1. Calculate the remainder when 1 is divided by m.
0
Let t = 9 - -3. What is the remainder when 70 is divided by t?
10
Suppose 0 = -2*y - 0*w + 5*w + 119, 4*y + w = 227. Calculate the remainder when y is divided by 31.
26
Let d be (0 + -4)*(-1 - 0). Let t = d - 1. Calculate the remainder when t is divided by 1.
0
Suppose 14*d - 170 = 40. What is the remainder when d is divided by 11?
4
Let m = 9 - 13. Let x(d) = -5*d - 2. Calculate the remainder when 33 is divided by x(m).
15
Suppose 69 = 3*i - 3*u, u = -3*i + 2*i + 15. Let x(b) = -16*b - 12. Calculate the remainder when x(-3) is divided by i.
17
Suppose 3*k + d - 184 = 0, 5 = 12*d - 7*d. Calculate the remainder when k is divided by 23.
15
What is the remainder when (258*(-6)/24)/(3/(-4)) is divided by 11?
9
Let m = 52 + -27. Calculate the remainder when m is divided by 7.
4
Let r = -20 + 32. Calculate the remainder when r is divided by (-10)/65 + 186/26.
5
Suppose -3*w - 2*w = y - 12, 0 = w + 1. Suppose 5*x + 26 = 2*s, s - 4*x - x = 18. Suppose s = -4*g + 48. What is the remainder when y is divided by g?
7
Let o = -3 + 4. Let m = o - -5. Let c(g) = -g**3 + 9*g**2 + g + 2. What is the remainder when c(9) is divided by m?
5
Suppose 2*j + 6 = -40. Let i = 31 - j. What is the remainder when i is divided by ((-28)/6)/(2/(-6))?
12
Suppose 375 = 6*r + 135. What is the remainder when r is divided by 7?
5
Suppose -j = -0*j + v - 65, -3*v = -5*j + 293. Suppose -5*n = -j + 1. Calculate the remainder when 23 is divided by n.
11
Let z = 4 + -2. Suppose -i + z + 0 = 0. Suppose -2*r + 9 = y - 6, r - 5 = i*y. What is the remainder when 13 is divided by r?
6
Let b = 17 + -9. Calculate the remainder when -2 + 3 + b*4 is divided by 9.
6
Let r(p) = 2*p**2 - 5*p + 3. Let o be r(4). Let f = o - 10. What is the remainder when 9 is divided by f?
4
Calculate the remainder when 40 is divided by 8/(-4)*(-75)/10.
10
Let y(x) = -4*x**2 + 3*x. Let k be y(2). Let d be 3108/30 - 4/k. Suppose -5*f + 86 = -d. Calculate the remainder when f is divided by 20.
18
Let d(l) = -l**3 + 8*l**2 - 7*l + 2. Let r be d(7). Suppose -n + 154 = 3*x, r*n = x + 5*n - 54. Calculate the remainder when x is divided by 26.
25
Suppose -r + 16 + 3 = 0. Let n be (-7 - 1)*(-12)/(-16). Let m = 16 + n. What is the remainder when r is divided by m?
9
Let y = -11 + 24. Suppose -4*k = -95 - 53. What is the remainder when k is divided by y?
11
Suppose 4*a + r - 6 = 1, 2*r + 4 = -2*a. Suppose a*n = -2*h - 14 + 49, -3*h = -n - 36. Calculate the remainder when 38 is divided by h.
12
Let m = 47 - 33. Calculate the remainder when m is divided by 8.
6
Let t(o) = 10*o + 10. What is the remainder when t(8) is divided by 31?
28
Suppose 4*x - x - 30 = 4*n, -2*x - 5*n = 3. Let z be 9/6*16/x. Suppose 2*f - 2*y = 72, 0 = 5*f - 2*f + z*y - 94. What is the remainder when f is divided by 12?
10
Let k(g) = g**3 + g**2 + g + 3. Let j be 2 - 3/(6/4). What is the remainder when 7 is divided by k(j)?
1
Suppose 2*o - 3*o + 4 = 0. Suppose -r - o*r = -75. Calculate the remainder when r is divided by 6.
3
Calculate the remainder when (2 - 5) + (-4 - -60) is divided by 27.
26
Suppose 0 = 2*y + 2*m + 12, 15 = -2*y - 0*m + m. Calculate the remainder when 24 is divided by (-14 + y)/(6/(-4)).
10
Suppose -2*h + 67 = 5*u, 5*h - 5*u - 85 = -u. What is the remainder when h is divided by 11?
10
What is the remainder when 8 is divided by ((-10)/25)/((-1)/15)?
2
Let y = 89 - 82. Calculate the remainder when 44 is divided by y.
2
Let z(q) = 2*q**2 - 19*q - 34. What is the remainder when z(15) is divided by 19?
17
Let x(i) = -2*i**3 + 19*i**2 - 9*i - 15. Let u(a) = 3*a**3 - 28*a**2 + 13*a + 22. Let l(s) = 5*u(s) + 7*x(s). What is the remainder when 35 is divided by l(7)?
16
Let b(j) = -j**3 + 5*j**2 + 6*j + 7. Let i be b(6). Let x = i - 2. Suppose 3*a - 36 = m, 0 = 5*a + 2*m - m - 68. What is the remainder when a is divided by x?
3
Calculate the remainder when 53 is divided by 12/4 - (1 - (13 + 2)).
2
Let x(o) be the third derivative of o**6/120 - o**5/60 + o**4/24 + 3*o**3/2 + 8*o**2. What is the remainder when 1/((-1)/(1 - 17)) is divided by x(0)?
7
Let c be (-6)/2*90/(-27). Suppose -c = -2*o + 8. What is the remainder when 51 is divided by o?
6
Let t = 16 + 9. Suppose 3*q + 85 = t. Let a = -13 - q. What is the remainder when 19 is divided by a?
5
What is the remainder when 25 is divided by 7 + (2 - (4 + -2))?
4
Suppose 2 + 1 = 3*r, 60 = 3*o + 3*r. What is the remainder when o is divided by (-58)/(-8) - 5/20?
5
Let y(f) = 4*f + 1. Suppose -x = -s + 8 + 59, -3*x = 15. What is the remainder when s is divided by y(3)?
10
Suppose u + 0*u = 0. Suppose f + 2*f - 63 = u. Calculate the remainder when f is divided by 6.
3
Let t = 6 - 6. What is the remainder when 2/6 - 59/(-3) is divided by ((-11)/2 - t)*-2?
9
Let x(o) = 5*o**3 - 5*o**2 + 4*o - 7. What is the remainder when 103 is divided by x(2)?
19
Suppose -36 = -3*v - 5*z + 61, 5*z = v + 1. Calculate the remainder when v is divided by 3.
0
Suppose 4*n = 159 - 15. Let k = -8 + n. What is the remainder when 81 is divided by k?
25
Let f = 1 - -13. What is the remainder when 10/(-20)*(-53 + -1) is divided by f?
13
Let r = 0 + 1. Suppose 0 = -v + 6*v - 65. Calculate the remainder when (-1)/r - 1*-25 is divided by v.
11
Let j(f) = f**3 - f**2 + 6*f - 5. Calculate the remainder when j(3) is divided by 10.
1
Let h be (-16)/(-12)*(-330)/(-4). What is the remainder when (h/11)/((-2)/(-3)) is divided by 8?
7
Let c = 43 - 27. Suppose -c = -4*p - 0*p. Suppose -3*r + 112 = -m - p*m, -m = -4*r + 121. Calculate the remainder when r is divided by 10.
9
Let c(g) = 7*g**2 + 7*g + 9. What is the remainder when c(-4) is divided by 19?
17
Suppose 0 = -2*o + 6*o - 104. Suppose 4*j = -57 - 15. Let s = j + 27. Calculate the remainder when o is divided by s.
8
Let c(y) = 6*y**3 - y + 1. Let v be c(1). Let i = 2 - v. Let a = i - -8. Calculate the remainder when 7 is divided by a.
3
What is the remainder when 92 is divided by -3 + (24 - -1 - 3)?
16
Let g = 29 + 38. Suppose 0 = 3*p - 8*p 